[INFO] cloning repository https://github.com/panicbit/playbot_ng
[INFO] running `Command { std: "git" "-c" "credential.helper=" "-c" "credential.helper=/workspace/cargo-home/bin/git-credential-null" "clone" "--bare" "https://github.com/panicbit/playbot_ng" "/workspace/cache/git-repos/https%3A%2F%2Fgithub.com%2Fpanicbit%2Fplaybot_ng", kill_on_drop: false }`
[INFO] [stderr] Cloning into bare repository '/workspace/cache/git-repos/https%3A%2F%2Fgithub.com%2Fpanicbit%2Fplaybot_ng'...
[INFO] running `Command { std: "git" "rev-parse" "HEAD", kill_on_drop: false }`
[INFO] [stdout] 48c71f22fcb7ea55362a43e892a510d438c05a22
[INFO] checking panicbit/playbot_ng against try#72f88fc4e9458f89516a0b8b0868f3718aec5b47 for pr-74989
[INFO] running `Command { std: "git" "clone" "/workspace/cache/git-repos/https%3A%2F%2Fgithub.com%2Fpanicbit%2Fplaybot_ng" "/workspace/builds/worker-4/source", kill_on_drop: false }`
[INFO] [stderr] Cloning into '/workspace/builds/worker-4/source'...
[INFO] [stderr] done.
[INFO] validating manifest of git repo https://github.com/panicbit/playbot_ng on toolchain 72f88fc4e9458f89516a0b8b0868f3718aec5b47
[INFO] running `Command { std: "/workspace/cargo-home/bin/cargo" "+72f88fc4e9458f89516a0b8b0868f3718aec5b47" "read-manifest" "--manifest-path" "Cargo.toml", kill_on_drop: false }`
[INFO] started tweaking git repo https://github.com/panicbit/playbot_ng
[INFO] removed workspace from git repo https://github.com/panicbit/playbot_ng
[INFO] removed path dependency cratesio from git repo https://github.com/panicbit/playbot_ng
[INFO] removed path dependency playground from git repo https://github.com/panicbit/playbot_ng
[INFO] finished tweaking git repo https://github.com/panicbit/playbot_ng
[INFO] tweaked toml for git repo https://github.com/panicbit/playbot_ng written to /workspace/builds/worker-4/source/Cargo.toml
[INFO] crate git repo https://github.com/panicbit/playbot_ng already has a lockfile, it will not be regenerated
[INFO] running `Command { std: "/workspace/cargo-home/bin/cargo" "+72f88fc4e9458f89516a0b8b0868f3718aec5b47" "fetch" "--locked" "--manifest-path" "Cargo.toml", kill_on_drop: false }`
[INFO] [stderr] warning: dependency (cratesio) specified without providing a local path, Git repository, or version to use. This will be considered an error in future versions
[INFO] [stderr] warning: dependency (playground) specified without providing a local path, Git repository, or version to use. This will be considered an error in future versions
[INFO] [stderr]     Updating crates.io index
[INFO] [stderr] error: the lock file /workspace/builds/worker-4/source/Cargo.lock needs to be updated but --locked was passed to prevent this
[INFO] [stderr] If you want to try to generate the lock file without accessing the network, use the --offline flag.
[INFO] the lockfile is outdated, regenerating it
[INFO] running `Command { std: "/workspace/cargo-home/bin/cargo" "+72f88fc4e9458f89516a0b8b0868f3718aec5b47" "generate-lockfile" "--manifest-path" "Cargo.toml" "-Zno-index-update", kill_on_drop: false }`
[INFO] running `Command { std: "/workspace/cargo-home/bin/cargo" "+72f88fc4e9458f89516a0b8b0868f3718aec5b47" "fetch" "--locked" "--manifest-path" "Cargo.toml", kill_on_drop: false }`
[INFO] [stderr] warning: dependency (cratesio) specified without providing a local path, Git repository, or version to use. This will be considered an error in future versions
[INFO] [stderr] warning: dependency (playground) specified without providing a local path, Git repository, or version to use. This will be considered an error in future versions
[INFO] [stderr]  Downloading crates ...
[INFO] [stderr]   Downloaded tokio-rustls v0.10.3
[INFO] [stderr]   Downloaded shared_str v0.1.1
[INFO] [stderr]   Downloaded playground v0.1.0
[INFO] [stderr]   Downloaded cratesio v0.1.0
[INFO] running `Command { std: "docker" "create" "-v" "/var/lib/crater-agent-workspace/builds/worker-4/target:/opt/rustwide/target:rw,Z" "-v" "/var/lib/crater-agent-workspace/builds/worker-4/source:/opt/rustwide/workdir:ro,Z" "-v" "/var/lib/crater-agent-workspace/cargo-home:/opt/rustwide/cargo-home:ro,Z" "-v" "/var/lib/crater-agent-workspace/rustup-home:/opt/rustwide/rustup-home:ro,Z" "-e" "SOURCE_DIR=/opt/rustwide/workdir" "-e" "CARGO_TARGET_DIR=/opt/rustwide/target" "-e" "CARGO_HOME=/opt/rustwide/cargo-home" "-e" "RUSTUP_HOME=/opt/rustwide/rustup-home" "-w" "/opt/rustwide/workdir" "-m" "1610612736" "--user" "0:0" "--network" "none" "rustops/crates-build-env@sha256:d92eaeed33fa75130ca1ee6c8a01d1ffb62bac859dfdfb3450e3e5d1c0146529" "/opt/rustwide/cargo-home/bin/cargo" "+72f88fc4e9458f89516a0b8b0868f3718aec5b47" "metadata" "--no-deps" "--format-version=1", kill_on_drop: false }`
[INFO] [stdout] 06ad19663d7468088587c1334b51ff2112f3adf0bd7b47bdb0db6f1f1338dc2f
[INFO] [stderr] WARNING: Your kernel does not support swap limit capabilities or the cgroup is not mounted. Memory limited without swap.
[INFO] running `Command { std: "docker" "start" "-a" "06ad19663d7468088587c1334b51ff2112f3adf0bd7b47bdb0db6f1f1338dc2f", kill_on_drop: false }`
[INFO] running `Command { std: "docker" "inspect" "06ad19663d7468088587c1334b51ff2112f3adf0bd7b47bdb0db6f1f1338dc2f", kill_on_drop: false }`
[INFO] running `Command { std: "docker" "rm" "-f" "06ad19663d7468088587c1334b51ff2112f3adf0bd7b47bdb0db6f1f1338dc2f", kill_on_drop: false }`
[INFO] [stdout] 06ad19663d7468088587c1334b51ff2112f3adf0bd7b47bdb0db6f1f1338dc2f
[INFO] running `Command { std: "docker" "create" "-v" "/var/lib/crater-agent-workspace/builds/worker-4/target:/opt/rustwide/target:rw,Z" "-v" "/var/lib/crater-agent-workspace/builds/worker-4/source:/opt/rustwide/workdir:ro,Z" "-v" "/var/lib/crater-agent-workspace/cargo-home:/opt/rustwide/cargo-home:ro,Z" "-v" "/var/lib/crater-agent-workspace/rustup-home:/opt/rustwide/rustup-home:ro,Z" "-e" "SOURCE_DIR=/opt/rustwide/workdir" "-e" "CARGO_TARGET_DIR=/opt/rustwide/target" "-e" "CARGO_INCREMENTAL=0" "-e" "RUST_BACKTRACE=full" "-e" "RUSTFLAGS=--cap-lints=forbid" "-e" "CARGO_HOME=/opt/rustwide/cargo-home" "-e" "RUSTUP_HOME=/opt/rustwide/rustup-home" "-w" "/opt/rustwide/workdir" "-m" "1610612736" "--user" "0:0" "--network" "none" "rustops/crates-build-env@sha256:d92eaeed33fa75130ca1ee6c8a01d1ffb62bac859dfdfb3450e3e5d1c0146529" "/opt/rustwide/cargo-home/bin/cargo" "+72f88fc4e9458f89516a0b8b0868f3718aec5b47" "check" "--frozen" "--all" "--all-targets" "--message-format=json", kill_on_drop: false }`
[INFO] [stdout] 795c39bee828115ed98de2397993793e3c340b25b0b4985c7798570a3e4f07c0
[INFO] [stderr] WARNING: Your kernel does not support swap limit capabilities or the cgroup is not mounted. Memory limited without swap.
[INFO] running `Command { std: "docker" "start" "-a" "795c39bee828115ed98de2397993793e3c340b25b0b4985c7798570a3e4f07c0", kill_on_drop: false }`
[INFO] [stderr] warning: dependency (cratesio) specified without providing a local path, Git repository, or version to use. This will be considered an error in future versions
[INFO] [stderr] warning: dependency (playground) specified without providing a local path, Git repository, or version to use. This will be considered an error in future versions
[INFO] [stderr]    Compiling libc v0.2.77
[INFO] [stderr]     Checking cfg-if v0.1.10
[INFO] [stderr]    Compiling autocfg v1.0.1
[INFO] [stderr]     Checking lazy_static v1.4.0
[INFO] [stderr]     Checking futures v0.1.29
[INFO] [stderr]    Compiling semver-parser v0.7.0
[INFO] [stderr]    Compiling log v0.4.11
[INFO] [stderr]    Compiling maybe-uninit v2.0.0
[INFO] [stderr]     Checking either v1.6.0
[INFO] [stderr]    Compiling syn v1.0.41
[INFO] [stderr]    Compiling autocfg v0.1.7
[INFO] [stderr]     Checking slab v0.4.2
[INFO] [stderr]    Compiling proc-macro2 v0.4.30
[INFO] [stderr]     Checking rand_core v0.4.2
[INFO] [stderr]     Checking fnv v1.0.7
[INFO] [stderr]     Checking matches v0.1.8
[INFO] [stderr]     Checking tinyvec v0.3.4
[INFO] [stderr]    Compiling unicode-xid v0.1.0
[INFO] [stderr]    Compiling getrandom v0.1.15
[INFO] [stderr]    Compiling cc v1.0.59
[INFO] [stderr]     Checking percent-encoding v1.0.1
[INFO] [stderr]     Checking spin v0.5.2
[INFO] [stderr]     Checking once_cell v1.4.1
[INFO] [stderr]     Checking percent-encoding v2.1.0
[INFO] [stderr]    Compiling bitflags v1.2.1
[INFO] [stderr]    Compiling httparse v1.3.4
[INFO] [stderr]     Checking match_cfg v0.1.0
[INFO] [stderr]    Compiling encoding_rs v0.8.24
[INFO] [stderr]     Checking dtoa v0.4.6
[INFO] [stderr]     Checking linked-hash-map v0.5.3
[INFO] [stderr]     Checking unicode-width v0.1.8
[INFO] [stderr]     Checking mime v0.3.16
[INFO] [stderr]     Checking copyless v0.1.5
[INFO] [stderr]    Compiling unicode-segmentation v1.6.0
[INFO] [stderr]     Checking try-lock v0.2.3
[INFO] [stderr]    Compiling crc32fast v1.2.0
[INFO] [stderr]     Checking ansi_term v0.11.0
[INFO] [stderr]     Checking vec_map v0.8.2
[INFO] [stderr]     Checking strsim v0.8.0
[INFO] [stderr]     Checking language-tags v0.2.2
[INFO] [stderr]     Checking pathdiff v0.1.0
[INFO] [stderr]     Checking hashbrown v0.3.1
[INFO] [stderr]     Checking shared_str v0.1.1
[INFO] [stderr]     Checking lock_api v0.2.0
[INFO] [stderr]    Compiling unicase v2.6.0
[INFO] [stderr]    Compiling proc-macro-error-attr v1.0.4
[INFO] [stderr]    Compiling error-chain v0.12.4
[INFO] [stderr]    Compiling proc-macro-error v1.0.4
[INFO] [stderr]     Checking try_from v0.3.2
[INFO] [stderr]     Checking unicode-bidi v0.3.4
[INFO] [stderr]     Checking thread_local v1.0.1
[INFO] [stderr]     Checking crossbeam-utils v0.6.6
[INFO] [stderr]     Checking rand_core v0.3.1
[INFO] [stderr]     Checking rand_jitter v0.1.4
[INFO] [stderr]     Checking itertools v0.8.2
[INFO] [stderr]    Compiling semver v0.9.0
[INFO] [stderr]     Checking unicode-normalization v0.1.13
[INFO] [stderr]     Checking textwrap v0.11.0
[INFO] [stderr]     Checking lru-cache v0.1.2
[INFO] [stderr]    Compiling rand_chacha v0.1.1
[INFO] [stderr]    Compiling rand_pcg v0.1.2
[INFO] [stderr]    Compiling rand v0.6.5
[INFO] [stderr]    Compiling hashbrown v0.6.3
[INFO] [stderr]    Compiling proc-macro2 v1.0.21
[INFO] [stderr]    Compiling crossbeam-utils v0.7.2
[INFO] [stderr]    Compiling miniz_oxide v0.4.2
[INFO] [stderr]    Compiling memoffset v0.5.5
[INFO] [stderr]    Compiling crossbeam-epoch v0.8.2
[INFO] [stderr]    Compiling indexmap v1.6.0
[INFO] [stderr]    Compiling num-traits v0.2.12
[INFO] [stderr]    Compiling num-integer v0.1.43
[INFO] [stderr]    Compiling memchr v2.3.3
[INFO] [stderr]    Compiling heck v0.3.1
[INFO] [stderr]     Checking rand_hc v0.1.0
[INFO] [stderr]     Checking rand_isaac v0.1.1
[INFO] [stderr]     Checking rand_xorshift v0.1.1
[INFO] [stderr]     Checking crossbeam-channel v0.3.9
[INFO] [stderr]     Checking base64 v0.10.1
[INFO] [stderr]    Compiling rustc_version v0.2.3
[INFO] [stderr]     Checking tokio-sync v0.1.8
[INFO] [stderr]     Checking actix-service v0.4.2
[INFO] [stderr]     Checking quote v1.0.7
[INFO] [stderr]     Checking smallvec v0.6.13
[INFO] [stderr]    Compiling aho-corasick v0.7.13
[INFO] [stderr]     Checking idna v0.1.5
[INFO] [stderr]     Checking idna v0.2.0
[INFO] [stderr]     Checking want v0.2.0
[INFO] [stderr]     Checking regex v1.3.9
[INFO] [stderr]     Checking quote v0.6.13
[INFO] [stderr]    Compiling parking_lot_core v0.6.2
[INFO] [stderr]    Compiling parking_lot v0.9.0
[INFO] [stderr]    Compiling parking_lot_core v0.5.0
[INFO] [stderr]    Compiling hyper v0.12.35
[INFO] [stderr]    Compiling parking_lot v0.8.0
[INFO] [stderr]    Compiling ring v0.16.15
[INFO] [stderr]    Compiling mime_guess v2.0.3
[INFO] [stderr]     Checking iovec v0.1.4
[INFO] [stderr]     Checking num_cpus v1.13.0
[INFO] [stderr]     Checking net2 v0.2.35
[INFO] [stderr]     Checking rand_os v0.1.3
[INFO] [stderr]     Checking time v0.1.44
[INFO] [stderr]     Checking socket2 v0.3.15
[INFO] [stderr]     Checking hostname v0.3.1
[INFO] [stderr]     Checking atty v0.2.14
[INFO] [stderr]     Checking syn v0.15.44
[INFO] [stderr]     Checking tokio-executor v0.1.10
[INFO] [stderr]     Checking crossbeam-queue v0.2.3
[INFO] [stderr]     Checking backtrace v0.3.50
[INFO] [stderr]     Checking flate2 v1.0.17
[INFO] [stderr]     Checking url v2.1.1
[INFO] [stderr]    Compiling const-random-macro v0.1.8
[INFO] [stderr]     Checking url v1.7.2
[INFO] [stderr]     Checking bytes v0.4.12
[INFO] [stderr]     Checking mio v0.6.22
[INFO] [stderr]     Checking resolv-conf v0.6.3
[INFO] [stderr]     Checking clap v2.33.3
[INFO] [stderr]     Checking threadpool v1.8.1
[INFO] [stderr]     Checking futures-cpupool v0.1.8
[INFO] [stderr]     Checking rand_core v0.5.1
[INFO] [stderr]     Checking tokio-timer v0.2.13
[INFO] [stderr]     Checking tokio-current-thread v0.1.7
[INFO] [stderr]     Checking crossbeam-deque v0.7.3
[INFO] [stderr]     Checking tokio-io v0.1.13
[INFO] [stderr]     Checking http v0.1.21
[INFO] [stderr]     Checking string v0.2.1
[INFO] [stderr]     Checking tokio-buf v0.1.1
[INFO] [stderr]     Checking publicsuffix v1.5.4
[INFO] [stderr]     Checking rand_chacha v0.2.2
[INFO] [stderr]     Checking cookie v0.12.0
[INFO] [stderr]     Checking const-random v0.1.8
[INFO] [stderr]     Checking tokio-threadpool v0.1.18
[INFO] [stderr]     Checking chrono v0.4.15
[INFO] [stderr]     Checking ahash v0.2.18
[INFO] [stderr]     Checking tokio-codec v0.1.2
[INFO] [stderr]     Checking rand v0.7.3
[INFO] [stderr]     Checking tokio-reactor v0.1.12
[INFO] [stderr]     Checking actix-codec v0.1.2
[INFO] [stderr]     Checking uuid v0.7.4
[INFO] [stderr]     Checking tokio-tcp v0.1.4
[INFO] [stderr]     Checking tokio-udp v0.1.6
[INFO] [stderr]     Checking actix-utils v0.4.7
[INFO] [stderr]     Checking tokio v0.1.22
[INFO] [stderr]     Checking actix-server-config v0.1.2
[INFO] [stderr]     Checking sct v0.6.0
[INFO] [stderr]     Checking webpki v0.21.3
[INFO] [stderr]     Checking ct-logs v0.6.0
[INFO] [stderr]     Checking rustls v0.16.0
[INFO] [stderr]     Checking webpki-roots v0.17.0
[INFO] [stderr]     Checking h2 v0.1.26
[INFO] [stderr]     Checking http-body v0.1.0
[INFO] [stderr]    Compiling synstructure v0.12.4
[INFO] [stderr]     Checking tokio-rustls v0.10.3
[INFO] [stderr]    Compiling serde_derive v1.0.116
[INFO] [stderr]    Compiling failure_derive v0.1.8
[INFO] [stderr]    Compiling thiserror-impl v1.0.20
[INFO] [stderr]    Compiling structopt-derive v0.4.10
[INFO] [stderr]    Compiling derive_more v0.15.0
[INFO] [stderr]    Compiling enum-as-inner v0.2.1
[INFO] [stderr]    Compiling actix_derive v0.4.0
[INFO] [stderr]    Compiling derive_more v0.14.1
[INFO] [stderr]     Checking hyper-rustls v0.17.1
[INFO] [stderr]     Checking failure v0.1.8
[INFO] [stderr]     Checking trust-dns-proto v0.7.4
[INFO] [stderr]     Checking thiserror v1.0.20
[INFO] [stderr]     Checking structopt v0.3.17
[INFO] [stderr]     Checking trust-dns-resolver v0.11.1
[INFO] [stderr]     Checking actix-threadpool v0.1.2
[INFO] [stderr]     Checking actix-rt v0.2.6
[INFO] [stderr]     Checking actix-connect v0.2.5
[INFO] [stderr]     Checking serde v1.0.116
[INFO] [stderr]     Checking serde_json v1.0.57
[INFO] [stderr]     Checking serde_urlencoded v0.6.1
[INFO] [stderr]     Checking serde_urlencoded v0.5.5
[INFO] [stderr]     Checking toml v0.5.6
[INFO] [stderr]     Checking playground v0.1.0
[INFO] [stderr]     Checking cookie_store v0.7.0
[INFO] [stderr]     Checking actix-http v0.2.11
[INFO] [stderr]     Checking reqwest v0.9.24
[INFO] [stderr]     Checking actix v0.8.3
[INFO] [stderr]     Checking playbot_ng v0.1.0 (/opt/rustwide/workdir)
[INFO] [stdout] error[E0432]: unresolved imports `playground::ExecuteRequest`, `playground::Channel`, `playground::Mode`, `playground::CrateType`
[INFO] [stdout]  --> src/modules_ng/playground.rs:1:26
[INFO] [stdout]   |
[INFO] [stdout] 1 | use ::playground::{self, ExecuteRequest, Channel, Mode, CrateType};
[INFO] [stdout]   |                          ^^^^^^^^^^^^^^  ^^^^^^^  ^^^^  ^^^^^^^^^ no `CrateType` in the root
[INFO] [stdout]   |                          |               |        |
[INFO] [stdout]   |                          |               |        no `Mode` in the root
[INFO] [stdout]   |                          |               no `Channel` in the root
[INFO] [stdout]   |                          no `ExecuteRequest` in the root
[INFO] [stdout] 
[INFO] [stdout] 
[INFO] [stdout] error[E0432]: unresolved import `cratesio`
[INFO] [stdout]  --> src/modules_ng/crate_info.rs:4:5
[INFO] [stdout]   |
[INFO] [stdout] 4 | use cratesio;
[INFO] [stdout]   |     ^^^^^^^^ no `cratesio` external crate
[INFO] [stdout] 
[INFO] [stdout] 
[INFO] [stdout] error[E0432]: unresolved imports `playground::ExecuteRequest`, `playground::Channel`, `playground::Mode`, `playground::CrateType`
[INFO] [stdout]  --> src/modules_ng/playground.rs:1:26
[INFO] [stdout]   |
[INFO] [stdout] 1 | use ::playground::{self, ExecuteRequest, Channel, Mode, CrateType};
[INFO] [stdout]   |                          ^^^^^^^^^^^^^^  ^^^^^^^  ^^^^  ^^^^^^^^^ no `CrateType` in the root
[INFO] [stdout]   |                          |               |        |
[INFO] [stdout]   |                          |               |        no `Mode` in the root
[INFO] [stdout]   |                          |               no `Channel` in the root
[INFO] [stdout]   |                          no `ExecuteRequest` in the root
[INFO] [stdout] 
[INFO] [stdout] 
[INFO] [stdout] error[E0432]: unresolved import `cratesio`
[INFO] [stdout]  --> src/modules_ng/crate_info.rs:4:5
[INFO] [stdout]   |
[INFO] [stdout] 4 | use cratesio;
[INFO] [stdout]   |     ^^^^^^^^ no `cratesio` external crate
[INFO] [stdout] 
[INFO] [stdout] 
[INFO] [stdout] error[E0425]: cannot find function `version` in crate `playground`
[INFO] [stdout]    --> src/modules_ng/playground.rs:173:34
[INFO] [stdout]     |
[INFO] [stdout] 173 |     let resp = match playground::version(&http, channel) {
[INFO] [stdout]     |                                  ^^^^^^^ not found in `playground`
[INFO] [stdout] 
[INFO] [stdout] 
[INFO] [stdout] error[E0425]: cannot find function `execute` in crate `playground`
[INFO] [stdout]    --> src/modules_ng/playground.rs:189:34
[INFO] [stdout]     |
[INFO] [stdout] 189 |     let resp = match playground::execute(&http, &request) {
[INFO] [stdout]     |                                  ^^^^^^^ not found in `playground`
[INFO] [stdout] 
[INFO] [stdout] 
[INFO] [stdout] error[E0425]: cannot find function `paste` in crate `playground`
[INFO] [stdout]    --> src/modules_ng/playground.rs:226:37
[INFO] [stdout]     |
[INFO] [stdout] 226 |         let url = match playground::paste(&http, code, request.channel(), request.mode()) {
[INFO] [stdout]     |                                     ^^^^^ not found in `playground`
[INFO] [stdout] 
[INFO] [stdout] 
[INFO] [stdout] error[E0425]: cannot find function `version` in crate `playground`
[INFO] [stdout]    --> src/modules_ng/playground.rs:173:34
[INFO] [stdout]     |
[INFO] [stdout] 173 |     let resp = match playground::version(&http, channel) {
[INFO] [stdout]     |                                  ^^^^^^^ not found in `playground`
[INFO] [stdout] 
[INFO] [stdout] 
[INFO] [stdout] error[E0425]: cannot find function `execute` in crate `playground`
[INFO] [stdout]    --> src/modules_ng/playground.rs:189:34
[INFO] [stdout]     |
[INFO] [stdout] 189 |     let resp = match playground::execute(&http, &request) {
[INFO] [stdout]     |                                  ^^^^^^^ not found in `playground`
[INFO] [stdout] 
[INFO] [stdout] 
[INFO] [stdout] error[E0425]: cannot find function `paste` in crate `playground`
[INFO] [stdout]    --> src/modules_ng/playground.rs:226:37
[INFO] [stdout]     |
[INFO] [stdout] 226 |         let url = match playground::paste(&http, code, request.channel(), request.mode()) {
[INFO] [stdout]     |                                     ^^^^^ not found in `playground`
[INFO] [stdout] 
[INFO] [stdout] 
[INFO] [stdout] warning: trait objects without an explicit `dyn` are deprecated
[INFO] [stdout]   --> src/message.rs:22:45
[INFO] [stdout]    |
[INFO] [stdout] 22 |     fn inline_messages(&self, message: &Arc<Message>) -> Vec<Arc<Message>> {
[INFO] [stdout]    |                                             ^^^^^^^ help: use `dyn`: `dyn Message`
[INFO] [stdout]    |
[INFO] [stdout]    = note: `#[warn(bare_trait_objects)]` on by default
[INFO] [stdout] 
[INFO] [stdout] 
[INFO] [stdout] warning: trait objects without an explicit `dyn` are deprecated
[INFO] [stdout]   --> src/message.rs:22:45
[INFO] [stdout]    |
[INFO] [stdout] 22 |     fn inline_messages(&self, message: &Arc<Message>) -> Vec<Arc<Message>> {
[INFO] [stdout]    |                                             ^^^^^^^ help: use `dyn`: `dyn Message`
[INFO] [stdout]    |
[INFO] [stdout]    = note: `#[warn(bare_trait_objects)]` on by default
[INFO] [stdout] 
[INFO] [stdout] 
[INFO] [stdout] warning: trait objects without an explicit `dyn` are deprecated
[INFO] [stdout]   --> src/message.rs:22:66
[INFO] [stdout]    |
[INFO] [stdout] 22 |     fn inline_messages(&self, message: &Arc<Message>) -> Vec<Arc<Message>> {
[INFO] [stdout]    |                                                                  ^^^^^^^ help: use `dyn`: `dyn Message`
[INFO] [stdout] 
[INFO] [stdout] 
[INFO] [stdout] warning: trait objects without an explicit `dyn` are deprecated
[INFO] [stdout]   --> src/message.rs:30:18
[INFO] [stdout]    |
[INFO] [stdout] 30 |     message: Arc<Message>,
[INFO] [stdout]    |                  ^^^^^^^ help: use `dyn`: `dyn Message`
[INFO] [stdout] 
[INFO] [stdout] 
[INFO] [stdout] warning: trait objects without an explicit `dyn` are deprecated
[INFO] [stdout]   --> src/message.rs:34:39
[INFO] [stdout]    |
[INFO] [stdout] 34 |     pub fn from_message(message: &Arc<Message>) -> Vec<Arc<Message>> {
[INFO] [stdout]    |                                       ^^^^^^^ help: use `dyn`: `dyn Message`
[INFO] [stdout] 
[INFO] [stdout] 
[INFO] [stdout] warning: trait objects without an explicit `dyn` are deprecated
[INFO] [stdout]   --> src/message.rs:34:60
[INFO] [stdout]    |
[INFO] [stdout] 34 |     pub fn from_message(message: &Arc<Message>) -> Vec<Arc<Message>> {
[INFO] [stdout]    |                                                            ^^^^^^^ help: use `dyn`: `dyn Message`
[INFO] [stdout] 
[INFO] [stdout] 
[INFO] [stdout] warning: trait objects without an explicit `dyn` are deprecated
[INFO] [stdout]   --> src/message.rs:48:41
[INFO] [stdout]    |
[INFO] [stdout] 48 |             .map(|m| Arc::new(m) as Arc<Message>)
[INFO] [stdout]    |                                         ^^^^^^^ help: use `dyn`: `dyn Message`
[INFO] [stdout] 
[INFO] [stdout] 
[INFO] [stdout] warning: trait objects without an explicit `dyn` are deprecated
[INFO] [stdout]   --> src/modules_ng/playground.rs:60:27
[INFO] [stdout]    |
[INFO] [stdout] 60 | fn execute_code(message: &Message, mut body: &str, l: &Logger) {
[INFO] [stdout]    |                           ^^^^^^^ help: use `dyn`: `dyn Message`
[INFO] [stdout] 
[INFO] [stdout] 
[INFO] [stdout] warning: trait objects without an explicit `dyn` are deprecated
[INFO] [stdout]    --> src/modules_ng/playground.rs:171:50
[INFO] [stdout]     |
[INFO] [stdout] 171 | fn print_version<'a>(channel: Channel, message: &Message) {
[INFO] [stdout]     |                                                  ^^^^^^^ help: use `dyn`: `dyn Message`
[INFO] [stdout] 
[INFO] [stdout] 
[INFO] [stdout] warning: trait objects without an explicit `dyn` are deprecated
[INFO] [stdout]    --> src/modules_ng/playground.rs:187:26
[INFO] [stdout]     |
[INFO] [stdout] 187 | pub fn execute(message: &Message, request: &ExecuteRequest) {
[INFO] [stdout]     |                          ^^^^^^^ help: use `dyn`: `dyn Message`
[INFO] [stdout] 
[INFO] [stdout] 
[INFO] [stdout] warning: trait objects without an explicit `dyn` are deprecated
[INFO] [stdout]    --> src/modules_ng/playground.rs:256:56
[INFO] [stdout]     |
[INFO] [stdout] 256 |     pub fn fetch_gist(url: &str) -> Result<String, Box<Error>> {
[INFO] [stdout]     |                                                        ^^^^^ help: use `dyn`: `dyn Error`
[INFO] [stdout] 
[INFO] [stdout] 
[INFO] [stdout] warning: trait objects without an explicit `dyn` are deprecated
[INFO] [stdout]   --> src/modules_ng/help.rs:30:34
[INFO] [stdout]    |
[INFO] [stdout] 30 | pub(crate) fn display_help(ctx: &Message) {
[INFO] [stdout]    |                                  ^^^^^^^ help: use `dyn`: `dyn Message`
[INFO] [stdout] 
[INFO] [stdout] 
[INFO] [stdout] warning: trait objects without an explicit `dyn` are deprecated
[INFO] [stdout]   --> src/modules_ng/crate_info.rs:37:26
[INFO] [stdout]    |
[INFO] [stdout] 37 | fn show_crate_info(ctx: &Message, crate_name: &str) {
[INFO] [stdout]    |                          ^^^^^^^ help: use `dyn`: `dyn Message`
[INFO] [stdout] 
[INFO] [stdout] 
[INFO] [stdout] warning: trait objects without an explicit `dyn` are deprecated
[INFO] [stdout]   --> src/modules_ng/genword.rs:45:47
[INFO] [stdout]    |
[INFO] [stdout] 45 |     static ref WORDS: Result<Vec<String>, Box<Error + Send + Sync>> = {
[INFO] [stdout]    |                                               ^^^^^^^^^^^^^^^^^^^ help: use `dyn`: `dyn Error + Send + Sync`
[INFO] [stdout] 
[INFO] [stdout] 
[INFO] [stdout] warning: trait objects without an explicit `dyn` are deprecated
[INFO] [stdout]    --> src/modules_ng.rs:280:26
[INFO] [stdout]     |
[INFO] [stdout] 280 |         pub message: Arc<Message>,
[INFO] [stdout]     |                          ^^^^^^^ help: use `dyn`: `dyn Message`
[INFO] [stdout] 
[INFO] [stdout] 
[INFO] [stdout] warning: trait objects without an explicit `dyn` are deprecated
[INFO] [stdout]    --> src/modules_ng.rs:286:26
[INFO] [stdout]     |
[INFO] [stdout] 286 |         pub message: Arc<Message>,
[INFO] [stdout]     |                          ^^^^^^^ help: use `dyn`: `dyn Message`
[INFO] [stdout] 
[INFO] [stdout] 
[INFO] [stdout] warning: trait objects without an explicit `dyn` are deprecated
[INFO] [stdout]   --> src/lib.rs:61:48
[INFO] [stdout]    |
[INFO] [stdout] 61 |         let message = Arc::new(message) as Arc<Message>;
[INFO] [stdout]    |                                                ^^^^^^^ help: use `dyn`: `dyn Message`
[INFO] [stdout] 
[INFO] [stdout] 
[INFO] [stdout] warning: trait objects without an explicit `dyn` are deprecated
[INFO] [stdout]   --> src/message.rs:22:66
[INFO] [stdout]    |
[INFO] [stdout] 22 |     fn inline_messages(&self, message: &Arc<Message>) -> Vec<Arc<Message>> {
[INFO] [stdout]    |                                                                  ^^^^^^^ help: use `dyn`: `dyn Message`
[INFO] [stdout] 
[INFO] [stdout] 
[INFO] [stdout] warning: trait objects without an explicit `dyn` are deprecated
[INFO] [stdout]   --> src/message.rs:30:18
[INFO] [stdout]    |
[INFO] [stdout] 30 |     message: Arc<Message>,
[INFO] [stdout]    |                  ^^^^^^^ help: use `dyn`: `dyn Message`
[INFO] [stdout] 
[INFO] [stdout] 
[INFO] [stdout] warning: trait objects without an explicit `dyn` are deprecated
[INFO] [stdout]   --> src/message.rs:34:39
[INFO] [stdout]    |
[INFO] [stdout] 34 |     pub fn from_message(message: &Arc<Message>) -> Vec<Arc<Message>> {
[INFO] [stdout]    |                                       ^^^^^^^ help: use `dyn`: `dyn Message`
[INFO] [stdout] 
[INFO] [stdout] 
[INFO] [stdout] warning: trait objects without an explicit `dyn` are deprecated
[INFO] [stdout]   --> src/message.rs:34:60
[INFO] [stdout]    |
[INFO] [stdout] 34 |     pub fn from_message(message: &Arc<Message>) -> Vec<Arc<Message>> {
[INFO] [stdout]    |                                                            ^^^^^^^ help: use `dyn`: `dyn Message`
[INFO] [stdout] 
[INFO] [stdout] 
[INFO] [stdout] warning: trait objects without an explicit `dyn` are deprecated
[INFO] [stdout]   --> src/message.rs:48:41
[INFO] [stdout]    |
[INFO] [stdout] 48 |             .map(|m| Arc::new(m) as Arc<Message>)
[INFO] [stdout]    |                                         ^^^^^^^ help: use `dyn`: `dyn Message`
[INFO] [stdout] 
[INFO] [stdout] 
[INFO] [stdout] warning: trait objects without an explicit `dyn` are deprecated
[INFO] [stdout]   --> src/modules_ng/playground.rs:60:27
[INFO] [stdout]    |
[INFO] [stdout] 60 | fn execute_code(message: &Message, mut body: &str, l: &Logger) {
[INFO] [stdout]    |                           ^^^^^^^ help: use `dyn`: `dyn Message`
[INFO] [stdout] 
[INFO] [stdout] 
[INFO] [stdout] warning: trait objects without an explicit `dyn` are deprecated
[INFO] [stdout]    --> src/modules_ng/playground.rs:171:50
[INFO] [stdout]     |
[INFO] [stdout] 171 | fn print_version<'a>(channel: Channel, message: &Message) {
[INFO] [stdout]     |                                                  ^^^^^^^ help: use `dyn`: `dyn Message`
[INFO] [stdout] 
[INFO] [stdout] 
[INFO] [stdout] warning: trait objects without an explicit `dyn` are deprecated
[INFO] [stdout]    --> src/modules_ng/playground.rs:187:26
[INFO] [stdout]     |
[INFO] [stdout] 187 | pub fn execute(message: &Message, request: &ExecuteRequest) {
[INFO] [stdout]     |                          ^^^^^^^ help: use `dyn`: `dyn Message`
[INFO] [stdout] 
[INFO] [stdout] 
[INFO] [stdout] warning: trait objects without an explicit `dyn` are deprecated
[INFO] [stdout]    --> src/modules_ng/playground.rs:256:56
[INFO] [stdout]     |
[INFO] [stdout] 256 |     pub fn fetch_gist(url: &str) -> Result<String, Box<Error>> {
[INFO] [stdout]     |                                                        ^^^^^ help: use `dyn`: `dyn Error`
[INFO] [stdout] 
[INFO] [stdout] 
[INFO] [stdout] warning: trait objects without an explicit `dyn` are deprecated
[INFO] [stdout]   --> src/modules_ng/help.rs:30:34
[INFO] [stdout]    |
[INFO] [stdout] 30 | pub(crate) fn display_help(ctx: &Message) {
[INFO] [stdout]    |                                  ^^^^^^^ help: use `dyn`: `dyn Message`
[INFO] [stdout] 
[INFO] [stdout] 
[INFO] [stdout] warning: trait objects without an explicit `dyn` are deprecated
[INFO] [stdout]   --> src/modules_ng/crate_info.rs:37:26
[INFO] [stdout]    |
[INFO] [stdout] 37 | fn show_crate_info(ctx: &Message, crate_name: &str) {
[INFO] [stdout]    |                          ^^^^^^^ help: use `dyn`: `dyn Message`
[INFO] [stdout] 
[INFO] [stdout] 
[INFO] [stdout] warning: trait objects without an explicit `dyn` are deprecated
[INFO] [stdout]   --> src/modules_ng/genword.rs:45:47
[INFO] [stdout]    |
[INFO] [stdout] 45 |     static ref WORDS: Result<Vec<String>, Box<Error + Send + Sync>> = {
[INFO] [stdout]    |                                               ^^^^^^^^^^^^^^^^^^^ help: use `dyn`: `dyn Error + Send + Sync`
[INFO] [stdout] 
[INFO] [stdout] 
[INFO] [stdout] warning: trait objects without an explicit `dyn` are deprecated
[INFO] [stdout]    --> src/modules_ng.rs:280:26
[INFO] [stdout]     |
[INFO] [stdout] 280 |         pub message: Arc<Message>,
[INFO] [stdout]     |                          ^^^^^^^ help: use `dyn`: `dyn Message`
[INFO] [stdout] 
[INFO] [stdout] 
[INFO] [stdout] warning: trait objects without an explicit `dyn` are deprecated
[INFO] [stdout]    --> src/modules_ng.rs:286:26
[INFO] [stdout]     |
[INFO] [stdout] 286 |         pub message: Arc<Message>,
[INFO] [stdout]     |                          ^^^^^^^ help: use `dyn`: `dyn Message`
[INFO] [stdout] 
[INFO] [stdout] 
[INFO] [stdout] warning: trait objects without an explicit `dyn` are deprecated
[INFO] [stdout]   --> src/lib.rs:61:48
[INFO] [stdout]    |
[INFO] [stdout] 61 |         let message = Arc::new(message) as Arc<Message>;
[INFO] [stdout]    |                                                ^^^^^^^ help: use `dyn`: `dyn Message`
[INFO] [stdout] 
[INFO] [stdout] 
[INFO] [stdout] warning: unused import: `itertools::Itertools`
[INFO] [stdout]  --> src/modules_ng/crate_info.rs:6:5
[INFO] [stdout]   |
[INFO] [stdout] 6 | use itertools::Itertools;
[INFO] [stdout]   |     ^^^^^^^^^^^^^^^^^^^^
[INFO] [stdout]   |
[INFO] [stdout]   = note: `#[warn(unused_imports)]` on by default
[INFO] [stdout] 
[INFO] [stdout] 
[INFO] [stdout] warning: unused import: `crate::Message`
[INFO] [stdout]  --> src/modules_ng/egg.rs:2:5
[INFO] [stdout]   |
[INFO] [stdout] 2 | use crate::Message;
[INFO] [stdout]   |     ^^^^^^^^^^^^^^
[INFO] [stdout] 
[INFO] [stdout] 
[INFO] [stdout] warning: unused import: `crate::Message`
[INFO] [stdout]  --> src/modules_ng/genword.rs:2:5
[INFO] [stdout]   |
[INFO] [stdout] 2 | use crate::Message;
[INFO] [stdout]   |     ^^^^^^^^^^^^^^
[INFO] [stdout] 
[INFO] [stdout] 
[INFO] [stdout] error: aborting due to 5 previous errors; 19 warnings emitted
[INFO] [stdout] 
[INFO] [stdout] 
[INFO] [stdout] Some errors have detailed explanations: E0425, E0432.
[INFO] [stdout] 
[INFO] [stdout] For more information about an error, try `rustc --explain E0425`.
[INFO] [stdout] 
[INFO] [stderr] error: could not compile `playbot_ng`.
[INFO] [stdout] warning: unused import: `itertools::Itertools`
[INFO] [stdout]  --> src/modules_ng/crate_info.rs:6:5
[INFO] [stdout]   |
[INFO] [stdout] 6 | use itertools::Itertools;
[INFO] [stdout]   |     ^^^^^^^^^^^^^^^^^^^^
[INFO] [stdout]   |
[INFO] [stdout]   = note: `#[warn(unused_imports)]` on by default
[INFO] [stdout] 
[INFO] [stdout] 
[INFO] [stderr] 
[INFO] [stdout] warning: unused import: `crate::Message`
[INFO] [stdout]  --> src/modules_ng/egg.rs:2:5
[INFO] [stdout]   |
[INFO] [stdout] 2 | use crate::Message;
[INFO] [stdout]   |     ^^^^^^^^^^^^^^
[INFO] [stdout] 
[INFO] [stdout] 
[INFO] [stderr] To learn more, run the command again with --verbose.
[INFO] [stdout] warning: unused import: `crate::Message`
[INFO] [stdout]  --> src/modules_ng/genword.rs:2:5
[INFO] [stdout]   |
[INFO] [stdout] 2 | use crate::Message;
[INFO] [stdout]   |     ^^^^^^^^^^^^^^
[INFO] [stdout] 
[INFO] [stdout] 
[INFO] [stderr] warning: build failed, waiting for other jobs to finish...
[INFO] [stdout] error: aborting due to 5 previous errors; 19 warnings emitted
[INFO] [stdout] 
[INFO] [stdout] 
[INFO] [stdout] Some errors have detailed explanations: E0425, E0432.
[INFO] [stdout] 
[INFO] [stdout] For more information about an error, try `rustc --explain E0425`.
[INFO] [stdout] 
[INFO] [stderr] error: build failed
[INFO] running `Command { std: "docker" "inspect" "795c39bee828115ed98de2397993793e3c340b25b0b4985c7798570a3e4f07c0", kill_on_drop: false }`
[INFO] running `Command { std: "docker" "rm" "-f" "795c39bee828115ed98de2397993793e3c340b25b0b4985c7798570a3e4f07c0", kill_on_drop: false }`
[INFO] [stdout] 795c39bee828115ed98de2397993793e3c340b25b0b4985c7798570a3e4f07c0
